1
Convert 3 (base 10) to base 5.
3
Convert -18 (base 12) to base 2.
-10100
-2222 (base 3) to base 13
-62
66 (base 8) to base 5
204
11 (base 4) to base 13
5
5 (base 10) to base 15
5
Convert 0 (base 4) to base 9.
0
32 (base 11) to base 15
25
Convert 200 (base 5) to base 10.
50
-25 (base 13) to base 6
-51
Convert 421 (base 9) to base 5.
2333
What is -2120 (base 3) in base 5?
-234
-a (base 13) to base 16
-a
11100 (base 2) to base 10
28
Convert 1 (base 7) to base 16.
1
21 (base 9) to base 15
14
Convert c1 (base 13) to base 15.
a7
-7 (base 10) to base 8
-7
What is -24 (base 6) in base 5?
-31
What is -15 (base 10) in base 4?
-33
Convert -5 (base 9) to base 7.
-5
Convert -3 (base 6) to base 10.
-3
Convert -171 (base 9) to base 10.
-145
Convert -25 (base 7) to base 15.
-14
6a (base 15) to base 4
1210
33 (base 4) to base 9
16
What is bb (base 12) in base 9?
168
What is 24 (base 14) in base 11?
2a
What is 1c (base 14) in base 3?
222
Convert -100 (base 5) to base 14.
-1b
49 (base 13) to base 10
61
Convert -1 (base 6) to base 15.
-1
-6d (base 15) to base 9
-124
Convert 6 (base 16) to base 8.
6
1c (base 15) to base 9
30
Convert -414 (base 7) to base 2.
-11001111
Convert 7 (base 14) to base 16.
7
Convert b (base 12) to base 5.
21
What is -33 (base 4) in base 12?
-13
What is 1 (base 4) in base 7?
1
77 (base 16) to base 15
7e
What is -1210 (base 4) in base 12?
-84
What is 1 (base 15) in base 2?
1
2 (base 16) to base 13
2
Convert 0 (base 8) to base 12.
0
What is -1 (base 13) in base 8?
-1
What is 16 (base 12) in base 15?
13
Convert -6 (base 9) to base 15.
-6
Convert b (base 13) to base 2.
1011
Convert -28 (base 14) to base 16.
-24
What is -8 (base 12) in base 14?
-8
-27 (base 13) to base 2
-100001
Convert -b5 (base 13) to base 14.
-a8
What is 2 (base 12) in base 13?
2
6e (base 15) to base 9
125
208 (base 12) to base 9
358
-8 (base 12) to base 16
-8
5 (base 16) to base 7
5
Convert 42 (base 8) to base 12.
2a
What is -f (base 16) in base 5?
-30
-165 (base 14) to base 2
-100011101
-2 (base 13) to base 10
-2
What is 33 (base 15) in base 6?
120
Convert -6e (base 16) to base 10.
-110
What is 3 (base 10) in base 5?
3
Convert 10 (base 3) to base 12.
3
-35 (base 6) to base 4
-113
-5 (base 9) to base 12
-5
What is -b (base 15) in base 8?
-13
Convert -4 (base 11) to base 15.
-4
Convert 11 (base 2) to base 6.
3
Convert 77 (base 8) to base 9.
70
Convert 6 (base 16) to base 8.
6
Convert -1b (base 12) to base 9.
-25
What is -62 (base 13) in base 3?
-2222
Convert 3 (base 11) to base 16.
3
33 (base 8) to base 4
123
-3 (base 9) to base 8
-3
What is 102 (base 5) in base 4?
123
-1 (base 7) to base 9
-1
What is -47 (base 16) in base 3?
-2122
What is -1b (base 14) in base 9?
-27
-101 (base 4) to base 9
-18
-1000 (base 2) to base 6
-12
-1 (base 12) to base 7
-1
Convert 53 (base 10) to base 6.
125
-7 (base 10) to base 16
-7
-1 (base 2) to base 4
-1
What is 19 (base 12) in base 16?
15
What is -1b (base 13) in base 11?
-22
What is -140 (base 12) in base 13?
-11a
What is 80 (base 9) in base 16?
48
-63 (base 9) to base 7
-111
-132 (base 4) to base 11
-28
Convert 61 (base 8) to base 11.
45
-68 (base 10) to base 14
-4c
Convert 220 (base 6) to base 7.
150
Convert 143 (base 10) to base 11.
120
a (base 11) to base 15
a
Convert 6 (base 10) to base 13.
6
1100 (base 2) to base 6
20
What is 1 (base 12) in base 5?
1
Convert 54 (base 7) to base 15.
29
-20 (base 9) to base 8
-22
What is 14 (base 5) in base 13?
9
Convert 5 (base 14) to base 5.
10
146 (base 7) to base 4
1103
10 (base 5) to base 2
101
Convert c (base 16) to base 12.
10
What is -6 (base 12) in base 10?
-6
5 (base 14) to base 12
5
What is 2 (base 11) in base 7?
2
What is 0 (base 12) in base 3?
0
What is -1 (base 13) in base 15?
-1
What is -12 (base 4) in base 16?
-6
What is 6 (base 13) in base 9?
6
Convert -1 (base 11) to base 12.
-1
What is -79 (base 10) in base 3?
-2221
What is 2 (base 9) in base 2?
10
-102 (base 3) to base 15
-b
What is -20002 (base 3) in base 6?
-432
323 (base 4) to base 16
3b
What is 2 (base 7) in base 3?
2
-12 (base 11) to base 10
-13
What is 10 (base 3) in base 11?
3
Convert -13 (base 10) to base 9.
-14
What is -11 (base 10) in base 14?
-b
2 (base 15) to base 14
2
-3 (base 5) to base 14
-3
What is 3 (base 5) in base 6?
3
-87 (base 11) to base 2
-1011111
What is 1 (base 11) in base 14?
1
What is 21 (base 12) in base 13?
1c
Convert -11 (base 3) to base 5.
-4
Convert 211 (base 5) to base 12.
48
Convert -2a (base 16) to base 14.
-30
Convert -e (base 16) to base 2.
-1110
What is 82 (base 11) in base 13?
6c
What is 100 (base 3) in base 7?
12
-10 (base 6) to base 10
-6
Convert -27 (base 11) to base 15.
-1e
0 (base 16) to base 2
0
What is -1 (base 14) in base 13?
-1
What is 2e (base 16) in base 13?
37
-124 (base 6) to base 11
-48
Convert 7 (base 14) to base 5.
12
-18b (base 14) to base 9
-384
What is 1c (base 14) in base 16?
1a
Convert -16 (base 9) to base 2.
-1111
What is 2 (base 15) in base 7?
2
-142 (base 5) to base 6
-115
Convert -5 (base 8) to base 10.
-5
What is 43 (base 8) in base 13?
29
2b (base 14) to base 10
39
Convert 16 (base 7) to base 5.
23
What is -18 (base 11) in base 5?
-34
Convert -100001100 (base 2) to base 3.
-100221
What is -1101100 (base 2) in base 11?
-99
What is -9 (base 16) in base 2?
-1001
What is 103 (base 5) in base 8?
34
What is -2 (base 14) in base 11?
-2
-21 (base 13) to base 12
-23
What is 311 (base 4) in base 8?
65
Convert -100 (base 4) to base 14.
-12
40 (base 8) to base 4
200
What is -8 (base 11) in base 4?
-20
44 (base 5) to base 13
1b
What is -6 (base 7) in base 12?
-6
What is 1143 (base 6) in base 4?
10113
96 (base 11) to base 13
81
-110 (base 2) to base 12
-6
-99 (base 16) to base 7
-306
4b (base 13) to base 9
70
-69 (base 13) to base 16
-57
-112 (base 6) to base 11
-40
Convert 23 (base 4) to base 7.
14
What is 0 (base 14) in base 8?
0
Convert -20 (base 5) to base 16.
-a
e (base 15) to base 10
14
221 (base 3) to base 12
21
-10 (base 3) to base 2
-11
What is 65 (base 9) in base 7?
113
Convert 5 (base 15) to base 9.
5
What is -142 (base 8) in base 9?
-118
What is 1 (base 15) in base 4?
1
Convert -86 (base 15) to base 8.
-176
Convert -1 (base 12) to base 2.
-1
2 (base 9) to base 6
2
Convert -c (base 13) to base 11.
-11
Convert 38 (base 12) to base 8.
54
What is 122 (base 8) in base 6?
214
Convert 2 (base 15) to base 3.
2
What is -28 (base 10) in base 13?
-22
What is -20 (base 11) in base 2?
-10110
What is -108 (base 11) in base 4?
-2001
Convert 2 (base 14) to base 4.
2
What is -1 (base 2) in base 3?
-1
Convert -100 (base 2) to base 7.
-4
What is -20 (base 10) in base 5?
-40
-14 (base 9) to base 6
-21
Convert -1230 (base 4) to base 11.
-99
1 (base 9) to base 4
1
Convert 103 (base 9) to base 6.
220
What is -4 (base 8) in base 13?
-4
What is 9 (base 13) in base 9?
10
b (base 13) to base 15
b
-10010 (base 2) to base 6
-30
What is 34 (base 8) in base 7?
40
10 (base 13) to base 8
15
Convert a7 (base 13) to base 14.
9b
Convert -31 (base 7) to base 16.
-16
Convert -6a (base 13) to base 11.
-80
What is -1 (base 6) in base 11?
-1
-25 (base 14) to base 4
-201
Convert 12 (base 4) to base 8.
6
Convert 0 (base 5) to base 10.
0
171 (base 8) to base 3
11111
-161 (base 9) to base 14
-9a
What is -1 (base 13) in base 2?
-1
Convert -24 (base 8) to base 10.
-20
Convert -57 (base 12) to base 2.
-1000011
Convert -17 (base 14) to base 10.
-21
Convert 43 (base 16) to base 3.
2111
29 (base 14) to base 8
45
What is 167 (base 9) in base 8?
216
-10 (base 2) to base 15
-2
What is -283 (base 10) in base 3?
-101111
What is 0 (base 16) in base 5?
0
Convert 160 (base 13) to base 3.
100011
12 (base 3) to base 15
5
423 (base 5) to base 14
81
5 (base 7) to base 12
5
What is -1 (base 8) in base 12?
-1
Convert 12 (base 9) to base 13.
b
24 (base 11) to base 9
28
100 (base 2) to base 10
4
Convert -4 (base 10) to base 14.
-4
Convert -3 (base 11) to base 3.
-10
-12 (base 12) to base 5
-24
-8 (base 15) to base 12
-8
What is 82 (base 9) in base 6?
202
What is 372 (base 8) in base 5?
2000
14 (base 5) to base 11
9
Convert -3 (base 10) to base 14.
-3
What is -343 (base 9) in base 8?
-432
117 (base 15) to base 10
247
Convert -20 (base 5) to base 10.
-10
Convert -8 (base 11) to base 7.
-11
-24 (base 6) to base 7
-22
What is 4 (base 